0) - (6 - 2).
-5
Evaluate -13 + 13 + (8 - 2).
6
What is (9 + -9 - (-2 - -7)) + -1?
-6
(1 - (10 + -19)) + 0 + (-4 - -11)
17
Evaluate 1 + (0 - 14 - (12 + (-20 - -15))).
-20
What is the value of (5 - (-5 - -12)) + (-1 - -9)?
6
-14 + (10 - -7) + (-4 - -3) - -9
11
Evaluate 0 - (4 + -5 - 4 - -1 - -7).
-3
What is the value of (38 - 53) + 9 + 8?
2
Calculate 22 - (3 - 6 - -16).
9
What is the value of (-36 - (-6 - 16)) + 0?
-14
(-124 - -97) + (17 - 0)
-10
What is (-70 - -34) + -1 + 39?
2
What is -10 + (-16 - -3) + 3 + 5 + 1?
-14
Calculate -1 - (3 - (2 - -7 - (-2 - 3))).
10
Evaluate (-4 + 5 - -2) + -4 + 12.
11
-27 + -4 + (1 - 2) + (-1 - -15)
-18
What is 101 - 87 - (38 + 3 + -6)?
-21
Evaluate (-42 - -41) + (4 - (-7 + -8)).
18
What is -3 + (86 - 93 - (-1 - 3))?
-6
Calculate 15 - (23 - (17 - 16)).
-7
Evaluate -1 + -12 + -13 + 16 - -6 - 2.
-6
What is 5 - (3 + -2 - 3)?
7
What is -3 - -17 - (8 + (-17 - -18))?
5
Calculate 1 + (-14 - -6 - -2).
-5
428 - 447 - (-8 - 1)
-10
Evaluate 16 + 4 + (44 - 57) + -10.
-3
What is -21 + (4 - (-31 - -11))?
3
Calculate -14 + 5 + 4 + (-11 - 1) + -1.
-18
4 - (15 + -8 - (-2 + 0)) - -7
2
What is the value of (49 + -31 - -8) + -19?
7
(-2 - -2) + -26 + 15 + -2 + 20
7
Calculate (16 - (-9 + 10)) + -9 + -3.
3
1 + 0 - ((50 - 55) + 22)
-16
Evaluate (6 - (-6 + (1 - -21)) - -4) + -4.
-10
(2 - (5 + 1 + 2)) + (-10 - -35)
19
What is the value of 5 - 25 - -24 - (-1 + 16)?
-11
What is (5 - 1 - 2) + (9 - 22)?
-11
What is -2 + -14 + -17 + 16?
-17
What is 7 + (30 - -1 - (-5 - (25 + -37)))?
31
Calculate -22 - (-29 + 7) - (1 + 10).
-11
What is 5 - ((-12 - -30) + -26) - (5 - 0)?
8
-1 + -24 - (-125 - -114)
-14
What is -12 - (-43 + 47) - (0 + -11)?
-5
Evaluate -12 + 5 - -1 - (-51 - -66).
-21
Calculate -1 - (5 - 9) - -6 - 4.
5
4 + (7 + -9 - 5 - 19)
-22
What is (51 - 48) + (-4 - 17 - 4)?
-22
Evaluate -12 + (15 - 15) + 14.
2
What is the value of 103 + -105 - (16 - -1)?
-19
Calculate (1 - (-32 + 30)) + (-6 - -2).
-1
What is -96 - -66 - (-27 + -1)?
-2
4 + (-35 - -18) + 8
-5
-10 + 25 + -7 + -34 + 44
18
Evaluate 1 - -15 - ((1 - -8) + (89 - 93)).
11
Calculate (-3 - -9) + 0 + -14 - -9.
1
What is (-1 - (20 - 40)) + -10?
9
What is -14 + 21 + -2 - -6?
11
What is the value of 13 + (2 - 11 - 3) + 5 + 0?
6
Calculate -26 + (63 - (34 + -23)).
26
Evaluate -56 + 51 + (-3 - (-3 - -5)).
-10
What is (110 + -118 - (0 + (-2 - 0))) + 4?
-2
Evaluate (-1 + -2 - 2) + 88 + -87.
-4
What is the value of -5 + 7 + 1 + -4 - (203 + -202)?
-2
What is -17 - (1 + -20 + -1 + 4)?
-1
What is 0 + 5 + (3 - 6) + -26 + 2?
-22
10 - ((-14 - -7) + 15)
2
What is the value of 37 + (-7 + 7 + -20 - -15)?
32
What is the value of 1 - (14 + -4 + 10 + -9) - 9?
-19
Evaluate -31 - -48 - 30 - (10 + 0).
-23
Calculate -6 + 5 + (1 - -2) + (0 - 3).
-1
Evaluate (-8 - (48 - 26)) + 31.
1
(-6 - (5 - (10 + -2))) + 15
12
What is the value of (11 - 2 - 21) + 8 - 18?
-22
(7 - ((0 - 2) + 0)) + -1061 + 1083
31
What is the value of -48 + 10 + 9 - (-1 - (-6 - -5))?
-29
(4 - -1) + (-2 - 16)
-13
Evaluate 13 + -24 - (8 - (2 + 0)).
-17
Calculate -4 - -3 - (-5 - (7 + -21 + 9)).
-1
What is 19 - (-264 + 258 + 1 + 20)?
4
Calculate (0 - 11 - -13) + -1 + 2 + -9.
-6
What is the value of 19 + -20 + -1 + -6 + (-1 - 5)?
-14
What is 18 - (2 + 5 + -1 + 0)?
12
Evaluate 3 + -1 + (3 - (14 + (-13 - -4))).
0
What is the value of -7 + -1 + 32 + -11 + 10 + -16?
7
Evaluate 9 + (-15 - (-14 + 6) - -10).
12
Evaluate -2 - ((-7 - (2 + 0 + -1)) + 5).
1
(12 - 32) + -18 - -25
-13
What is 2 + 9 + -8 + -8 + 5?
0
What is the value of -6 - ((11 - (-6 - -25)) + 1 + 22)?
-21
Evaluate (50 - 46) + -1 + -2 + 8.
9
Calculate (0 - -27) + 17 + -22.
22
What is 1 + 9 + 10 + -15?
5
Evaluate 19 + -5 + 5 - (14 - 8).
13
Evaluate 7 + 16 + (12 - 21) + (-45 - -1).
-30
Calculate 16 - (11 + (6 - 7) - 9).
15
What is the value of 39 + -32 + -17 + (-1 + 4 - 3)?
-10
0 - -7 - (4 + (-22 - -8))
17
What is the value of (19 - 24) + 22 - 15?
2
Calculate 9 + (7 + -1 - 2).
13
Calculate 39 - 33 - (3 + (0 - 2)).
5
Evaluate 0 - ((34 - 61) + 21).
6
Calculate -2 + 1 + -16 + -3.
-20
What is the value of 19 + -1 + -15 + 10?
13
Evaluate 27 + 1 - (-61 - -94).
-5
Evaluate 1 + 2 - (22 + -17 + 8).
-10
Evaluate (-17 + -1 - 5) + -11 + 24.
-10
What is the value of (-2 - -8) + (-20 - (22 + -38))?
2
Calculate (-7 - 1) + 2 - (-13 + (-19 - -15)).
11
Evaluate -3 + (-10 - -14) + 13.
14
What is the value of (11 - (-7 + 10) - 12) + 17?
13
What is the value of (18 - (-6 - -5)) + -3 + 0?
16
-36 + (18 - 27) + 2 + 12
-31
Evaluate 40 + 21 + -21 + -2 + 0 - 9.
29
(9 - 9) + -6 + -2
-8
Calculate 7 - (-4 - (-14 + 9)).
6
Calculate 8 + (-3 + -16 + 25 - (1 + 22)).
-9
What is the value of -7 + (8 - 2) + -24 - -10?
-15
Calculate 3 + (0 - (9 - 1)) + 71 + -70.
-4
What is 39 + (-12 - 18) - 15?
-6
What is 7 + -49 - (28 + -24 + -21)?
-25
Calculate (-4 - 0) + (0 - 12 - 3).
-19
What is the value of 8 + -1 + (12 - (-5 - 4 - -17))?
11
What is 32 - (-6 - -2) - (13 - 6)?
29
(0 + -1 - (-10 + (-3 - -7))) + -14
-9
Evaluate 6 + (36 - (-45 - -105)).
-18
Calculate 38 + -18 + 0 + 5 + -12.
13
What is the value of (-1 - 6) + -8 + 3 + -11?
-23
-7 + (-33 + 34 - (0 + -2) - 5)
-9
-11 + -7 - (-98 + 91)
-11
Calculate -4 + -12 + (17 + -10 - 8).
-17
What is 18 + -32 - ((13 - 7) + -11)?
-9
Evaluate (-273 - -271) + (3 - 16).
-15
What is 178 + -198 - (1 - (5 - -27))?
11
What is 10 + -1 - (-27 - (-61 - -29))?
4
What is the value of 0 + -14 - (-171 + 120) - 17?
20
Calculate (52 - 34) + -8 - 23.
-13
Evaluate 24 + 4 + -9 + 8 + -10.
17
What is -6 - (-3 + -7 - (-26 + 10)) - 4?
-16
Calculate (-8 + 5 - -2) + (10 - (10 + -5)).
4
What is (-4 - -7 - (6 + (-12 - -17))) + 7?
-1
Evaluate -5 + -3 + -1 + -1 + (6 - -16).
12
16 - -2 - (-20 - -2 - -18)
18
0 + 5 + 1 - (-1 - 2)
9
What is (-287 - -284) + (2 - (3 + -3 + 2))?
-3
Calculate -11 + 5 + 18 + -6.
6
Evaluate 13 + (20 - 29) + -11.
-7
(-13 + -18 - -27) + 1 + -7 - -21
11
Calculate 1 + -9 + (0 + -4 - -9) + -15.
-18
(-6 - -14) + -7 - 15
-14
(0 - 6 - 0 - -10) + -11
-7
Evaluate (21 - 22) + -8 + -2.
-11
What is the value of (2 - (1 + -4)) + (12 - 6 - 5)?
6
Evaluate -32 - (30 - 25) - -24.
-13
What is the value of -4 + (35 - 15 - -5)?
21
-3 + (-2 + 7 - 11) + (18 - -1)
10
What is the value of 70 - (40 - 44 - -47)?
27
Evaluate 1 - 1 - (-557 - -543).
14
What is the value of -5 - (6 - ((3 - (0 + -9)) + -2))?
-1
Calculate (3 - (8 + 0 + -13)) + 7 + 6.
21
Calculate 6 + -141 + 138 + -2 + (-1 - -1).
1
Calculate -4 - (3 - (9 - 0) - -13) - 4.
-15
What is the value of 31 + (28 - 83) - -39?
15
Evaluate -10 - (6 - 10 - (-16 + 8 + 5)).
-9
(-10 - -17) + (-1 - -7)
13
Calculate 4 + (-2 + -5 - -7 - 5) + -3.
-4
Evaluate (-3 + 4 - -11 - 11) + 15.
16
Calculate 83 + -74 + (-25 - -1).
-15
What is (6 + (-4 - 4) + 9 - 1) + -13?
-7
What is 2 + 2 + -2 + 1 - (-38 + 37)?
4
What is the value of -87 - -96 - (2 - (-4 + -1))?
2
3 + (12 + -4 + -17 - (16 - 1))
-21
What is -7 + 16 + -22 + (2 - -1)?
-10
Calculate (-1 - (13 + 10)) + 0 + 7 + -1.
-18
What is the value of (0 - (4 + -21 + 41)) + -10?
-34
Evaluate -27 - (4 + -35) - (-1 - (-2 - 11)).
-8
Calculate 25 + 58 + -28 - 31.
24
Calculate (3 - -6) + 5 + -4 + -33 + 30.
7
What is -3 + (14 + 12 - 13 - 35)?
-25
What is -1 - (508 + -500 - (0 - -1 - 4))?
-12
Evaluate 3 + 2 + (-12 - ((-7 - -4) + -8)).
4
What is -10 - ((-6 - (-7 - -17)) + 3)?
3
What is the value of (3 - 1 - (1 - 4)) + 20 + -17?
8
(2 - -11) + (-23 - -22) + 9
21
16 - (-7 + (-15 + 17 - -8))
13
Calculate 58 - 56 - (-10 + (3 + -3 - 0)).
12
What is the value of (-29 - (-31 - -2)) + -24 + 0 + 2?
-22
What is the value of 1 - (8 - 0) - (-18 - (34 + -67))?
-22
What is the value of 5 + 13 + (-121 - -115)?
12
Evaluate -1 - (13 + (7 - 18) - 1).
-2
What is 24 + -18 + 4 + (-5 - -5)?
10
Evaluate 6 - ((-4 - (-19 + 6)) + 20).
-23
-40 - (25 + -41) - -31
7
10 + -5 + (-2 + 7 - 8)
2
What is -3 - (-13 + (-5 - -2) + 28)?
-15
-773 + 769 - (2 + -12 + 1)
5
Calculate 17 - 11 - 10 - (-4 - -7 - -1).
-8
Evaluate 7 - (-4 + -20 + 42).
-11
What is -13 + -8 + 20 + (-2 - 1)?
-4
What is the value of 3 + -14 + (9 - (-8 - -18)) + 2?
-10
What is -7 + (4 + -5 - 0) + 6 + -5?
-7
What is the value of 31 + (-14 - -1) + (-2 - -2)?
18
What is (-15 - -1) + 75 + -58?
3
What is (1 + 4 - 10 - -3) + (-15 - 1)?
-18
((5 - 0) + -1 - -5) + -5 - 5
-1
What is the value of -38 + 20 + 12 - 16?
-22
Evaluate (7 + 2 - 1)